).
-29
Let d(f) be the second derivative of -7*f**3/3 + 5*f**2 - 1274*f. What is d(3)?
-32
Let d(b) be the second derivative of b**3/6 + 9*b**2/2 + 145*b - 22. Calculate d(-8).
1
Let t(y) = -4*y**3 + 5*y**3 + 5*y**2 - 12*y**2 + 15*y**2 - 60*y + 52*y - 8. Give t(-9).
-17
Let y(x) be the third derivative of x**4/24 - x**3/3 - 13*x**2. Suppose -6 = -3*r - 9. Let u be (-5 + -1 + 2)*r. Calculate y(u).
2
Let p(z) = -z**3 - 7*z**2 + 9*z + 10. Suppose 0 = 3*v + 2*c - 28, -5*v - 4*c + 37 = -13. Suppose -4*b = -4*u + 40, -b + u = v*u - 2. Give p(b).
2
Let c(k) = 5*k - 2*k + 2 - 5*k. Let b be c(3). Let r(u) be the first derivative of u**2 + u - 15. Give r(b).
-7
Let h(t) = 3*t**2 - 22*t - 356. Let l be h(-8). Let x(j) = -j**3 + 14*j**2 - 22*j - 23. Give x(l).
1
Let w(o) = 6*o + 8 + o**3 + 10 - 27 + 13 - 1 + 6*o**2. What is w(-5)?
-2
Let o = 721455 - 721460. Let p(h) = 2 - 4*h**3 + h**3 + 2*h**3 - 8*h**2 - 7*h. Give p(o).
-38
Let p(q) = q - 2. Let o be p(2). Let g be 13/5 - (108/30 - 4). Let d be 0*g/9 + o. Let h(u) = -u. Calculate h(d).
0
Let h(r) = 3*r**2 - 15*r - 25. Let i be h(6). Let m(q) = -q**3 - 8*q**2 - 6*q + 1. Calculate m(i).
-6
Let m(t) be the third derivative of 1/120*t**5 + 4*t**2 + 0*t + 0 + 0*t**3 + 1/72*t**6 + 13/24*t**4. Let c(w) be the second derivative of m(w). Calculate c(-1).
-9
Let m(l) = 85*l**2 - 159*l - 256. Let s(p) = -11*p**2 + 21*p + 32. Let f(x) = 4*m(x) + 31*s(x). What is f(16)?
-48
Suppose -32*h + 2 - 208 = -46. Let y(d) = d**3 + 7*d**2 - 6. Give y(h).
44
Let x(j) = -j**3 - 5*j**2 - j - 1. Suppose t + c = -4, -7*t = -3*t - 2*c + 22. Calculate x(t).
4
Let a = -52 - -57. Suppose 3*w = z - a, -4*w = 4*z - 30 + 10. Let r(f) = -4*f + 2 - 9*f + z*f + 4*f. Give r(3).
-10
Let r(p) be the third derivative of 1/6*p**4 + 0*p + 1/6*p**3 + 0 + 84*p**2. Calculate r(-3).
-11
Let i(o) be the third derivative of 7*o**4/24 + 43*o**3/6 - o**2 + 2*o + 1648. What is i(-7)?
-6
Let x(r) = -r**2 + 2*r - 1. Let q(w) = w**3 - 13*w**2 - w - 7. Let k(b) = -q(b) + 2*x(b). Calculate k(12).
-79
Let q = -143 - -163. Let t = q + -23. Let w(m) = 3*m**3 + 2*m**2 + 16*m + 19. Let c(p) = 2*p**3 + p**2 + 11*p + 13. Let o(k) = 7*c(k) - 5*w(k). Determine o(t).
5
Let v(w) be the third derivative of -w**6/120 + w**5/12 - 7*w**4/24 + 5*w**3/3 + 938*w**2. Give v(3).
7
Let u = -16942 - -16950. Let g(s) = s**3 - 6*s**2 - 11*s - 25. Give g(u).
15
Let m(s) = s. Let k = -227 + 242. Suppose y = -p - 1, y - 5*p - k = -10*p. Calculate m(y).
-5
Let t(m) = 4*m**2 + 9679 - 5*m**2 - 9640. Calculate t(7).
-10
Let o = -1576 + 1583. Let a(q) = -2*q**2 + 14*q - 10. Determine a(o).
-10
Let a(z) be the third derivative of z**5/60 + 2*z**4/3 + 19*z**3/6 + 374*z**2 - 4*z. Determine a(-13).
-20
Let y(u) be the second derivative of -7*u**3/6 + 7*u**2 - 195*u + 13. Give y(11).
-63
Let w(n) = -42*n + 15 - 63*n + n**2 + 146*n - 60*n. What is w(13)?
-63
Let i(n) = -2*n + 12 + 6*n**2 - 3*n + 1 + n. What is i(3)?
55
Let o(c) = 32799*c + 32762*c - 65570*c. Suppose -10 = x + 4*x. Determine o(x).
18
Let c be (28/(-3))/((-2720)/(-60) - 46). Let x(q) = 7*q + 21. Give x(c).
119
Let j(n) = -7*n - 1. Let i = -172 + 209. Suppose 43*z = i + 49. Calculate j(z).
-15
Let g(b) = -b**3 - 12*b**2 - 12*b - 54. Let u be (0 - -22)/(55/(1430/(-52))). Calculate g(u).
-43
Let o(d) = d**3 + 25*d**2 - 153*d + 7. Let h be o(5). Let f(n) be the first derivative of -n**3/3 - 11*n**2/2 - 24*n - 6. Calculate f(h).
0
Let s(b) be the second derivative of b**5/20 + b**4/2 - 4*b**3/3 - 7*b**2/2 - 2261*b. Determine s(-5).
58
Let o(z) = -z**2 - 35*z - 228. Let w be o(-27). Let c(m) = -m**2 - 10*m + 52. Give c(w).
28
Let b(t) = -t**3 - 7*t**2 + t - 5. Suppose -6*c = -122*c - 812. Give b(c).
-12
Suppose 50 = -x - 3*j + 30, 0 = x + 5*j + 32. Let m(n) = -2*n**3 - 2*n**2 + 11*n + 11. Give m(x).
-3
Suppose 14*u = 8*u. Suppose u = -3*s - 0 + 15. Let i(c) = -c**2 + 5*c - 6. Determine i(s).
-6
Let l(y) = 2*y + 2. Let i(g) = g**2 - 16*g + 73. Let w be i(6). Let q = 12 + -30. Let c = w + q. Calculate l(c).
-8
Let o(b) be the third derivative of -b**5/60 - 6*b**3 + 20*b**2. Let f(d) be the first derivative of o(d). Let a be 4/(-14) - 16/(-7). What is f(a)?
-4
Let l be (6 - (-12)/(-4)) + 2 - -1. Let c(x) = x**3 - 3*x**2 - x + 3. Let o be c(3). Let i = l - o. Let k(h) = -h + 1. What is k(i)?
-5
Suppose -122 = 4*p - 254. Let u(g) = 15*g - 493. Let j be u(p). Let k(f) = -5*f**2 + 6*f - 4. Give k(j).
-12
Let w(x) = -x**2 + 1. Let a = -68 + 67. Let v(n) = 3*n**2 - 5. Let p(r) = a*v(r) - 4*w(r). Determine p(-3).
10
Let v(d) = d**2 - 2*d + 4. Let s be v(0). Let q be s/((-12)/(-3))*0. Suppose 2*c + o + 0 = 2, q = 4*c - 4*o - 16. Let m(p) = -2*p**3 + p + 2. What is m(c)?
-12
Let o(r) be the first derivative of r**2/2 - 6*r + 2. Let v(s) = s. Let u(b) = -b**3 + b**2 + 10*b - 13. Let i be u(3). Let w(f) = i*o(f) + 2*v(f). Give w(-5).
1
Let r(u) = -u**2 - 12*u + 6. Suppose 20*d = 4*j + 16*d - 16, d + 32 = -6*j. Determine r(j).
38
Let a(p) be the second derivative of p**4/12 - 17*p**3/6 - 8*p**2 + 66*p - 1. Calculate a(18).
2
Let z(q) = 2*q**2 - 7 + 3*q - 2*q + 5*q. Let h = 226 + -223. Let f be (6/(-21))/((-9)/(-63)) - h. Calculate z(f).
13
Suppose 4*m - 10 - 14 = 0. Let y(i) = -3*i**2 + 14*i - 6. Let f(d) = -4 + 9*d + 0 + 7*d**2 - 4*d**2 - 5*d**2. Let s(v) = 7*f(v) - 5*y(v). Determine s(m).
-4
Let n(f) = -7*f**2 + 1. Let x be n(-1). Let j(s) be the second derivative of s**2/2 - 489*s. Let m(y) = -y - 10. Let w(b) = x*j(b) - m(b). Determine w(-6).
-2
Let d(q) = -q**3 - 9*q**2 - 10*q - 5. Let u(i) = -2*i**3 - 19*i**2 - 19*i - 13. Let r(w) = -5*d(w) + 2*u(w). Let a be (-86)/(-301) - 74/14*1. Give r(a).
-11
Let d(k) be the second derivative of k**4/12 + 31*k**3/6 - k**2/2 + 855*k. What is d(-31)?
-1
Suppose 1272*v - 1277*v - 5*i - 40 = 0, 2*v - 5*i = -23. Let q(b) = -b - 15. Give q(v).
-6
Let t(g) be the first derivative of -71 - 11/2*g**2 + 1/3*g**3 + 13*g. What is t(10)?
3
Let w(g) = 43368*g + 40 - 86747*g + 43381*g. Suppose 14 - 104 = 5*s. Determine w(s).
4
Let p(w) = 16*w**2 - 2. Let y be p(-2). Suppose -4*j - 3*d - 124 = 0, j + j - d + y = 0. Let f = -25 - j. Let c(i) = -2*i - 1. Give c(f).
-13
Let l be (22/(-3) - 0)*27/(-18). Let v(m) be the second derivative of -m**4/12 + 13*m**3/6 - 13*m**2/2 - 3*m + 7. Determine v(l).
9
Let z be (64/12)/((-2)/(-3)). Let a(b) = -5*b**3 - 2*b**2 - 4*b - 4. Let n(s) = 6*s**3 + s**2 + 5*s + 3. Let g(c) = -7*a(c) - 6*n(c). Give g(z).
-6
Let c(s) = -2*s**3 + s**3 + 5*s**2 + 3*s + 5*s - 3. Suppose 28*a - 32*a - 1 = 3*d - 49, 4*a - 3*d = 0. Determine c(a).
9
Let a(r) = -46*r + 24. Let i(n) = -25*n + 10. Let h(l) = -6*a(l) + 11*i(l). What is h(-4)?
-38
Let q = 67 + -91. Let f = -24 - q. Let y(o) = f + 3*o**2 + 3*o + 4*o**3 - 4*o**2 + 5*o**2 + 1. Give y(-2).
-21
Suppose 4*u + c + 3 = 28, 2*u - 8 = 4*c. Let h(y) = y**2 - 7*y + 23. Determine h(u).
17
Let y(r) = r**3 + 6*r**2 - 7*r + 6. Let n(q) = 3*q**2 - 5*q - 7. Let m be n(4). Suppose 58*h + m = 55*h. Calculate y(h).
6
Let v(m) = -m**2 - m + 40. Let j = -382 - -678. Suppose 292*t = j*t. Calculate v(t).
40
Let s(c) = 7*c**2 - c + 22. Let v(t) = -2*t**2 + 3*t - 2. Let h(f) = -s(f) - 4*v(f). Determine h(12).
-2
Let m(l) = l - 1. Let t(u) = 11*u - 14. Let r(v) = 78*m(v) - 6*t(v). Let n(o) = 7*o + 2. Let p(s) = 5*n(s) - 3*r(s). What is p(-12)?
4
Suppose -6016*x = -6013*x + 15. Let m(c) = c**3 + 10*c**2 + c + 4. Give m(x).
124
Let i(o) = 2*o - 13. Suppose 4*h = 18*b - 16*b + 24, 2*b = -3*h - 10. Give i(b).
-29
Let q(f) = -16*f**3 + 4*f**2 - 3*f + 76. Let k(s) = 8*s**3 - 2*s**2 + s - 35. Let l(w) = -13*k(w) - 6*q(w). Determine l(3).
-184
Let m(g) = -2*g - 19. Let h be m(-11). Let c(p) = 26*p - 11*p - 15*p - p**2 + p**h - 9. Determine c(0).
-9
Let p be (10/(-6) - -1)*90/(-5). Let c = -112 + 115. Suppose 0 = -i + c*i + p. Let l(b) = b**3 + 6*b**2 - 3*b + 3. Determine l(i).
21
Let m(i) be the first derivative of -i**2/2 - 29*i - 1859. Determine m(-19).
-10
Suppose 4*z = -z - 10. Let h(m) = m**3 + 2*m**2 - 9*m - 2. Let g be h(-4). Let c(p) = -322 - p**g + 649 - 327 - 2*p. Calculate c(z).
0
Let w(r) be the third derivative of r**4/24 - 11*r**3/6 + r**2. Let g(p) = -815*p + 62764. Let a be g(77). Determine w(a).
-2
Let l(p) = -279*p - 1963. Let x be l(-7). Let q(w) = -w**3 - 9*w**2 